{"id":35304,"date":"2023-06-14T15:34:31","date_gmt":"2023-06-14T13:34:31","guid":{"rendered":"http:\/\/centralmedia.rs\/wp-content\/uploads\/2023\/06\/Milan-Stamatovi\u0107-i-Branko-Kidri\u010d.jpg"},"modified":"2023-06-14T15:34:31","modified_gmt":"2023-06-14T13:34:31","slug":"milan-stamatovic-i-branko-kidric","status":"inherit","type":"attachment","link":"https:\/\/centralmedia.rs\/index.php\/2023\/06\/14\/delegacija-opstine-cajetina-u-poseti-sloveniji\/milan-stamatovic-i-branko-kidric\/","title":{"rendered":"Milan Stamatovi\u0107 i Branko Kidri\u010d"},"author":2,"featured_media":0,"comment_status":"open","ping_status":"closed","template":"","meta":[],"description":{"rendered":"<p class=\"attachment\"><a href='https:\/\/centralmedia.rs\/wp-content\/uploads\/2023\/06\/Milan-Stamatovi\u0107-i-Branko-Kidri\u010d.jpg'><img loading=\"lazy\" decoding=\"async\" width=\"225\" height=\"300\" src=\"https:\/\/centralmedia.rs\/wp-content\/uploads\/2023\/06\/Milan-Stamatovi\u0107-i-Branko-Kidri\u010d-225x300.jpg\" class=\"attachment-medium size-medium\" alt=\"\" srcset=\"https:\/\/centralmedia.rs\/wp-content\/uploads\/2023\/06\/Milan-Stamatovi\u0107-i-Branko-Kidri\u010d-225x300.jpg 225w, https:\/\/centralmedia.rs\/wp-content\/uploads\/2023\/06\/Milan-Stamatovi\u0107-i-Branko-Kidri\u010d.jpg 302w\" sizes=\"(max-width: 225px) 100vw, 225px\" \/><\/a><\/p>\n"},"caption":{"rendered":""},"alt_text":"","media_type":"image","mime_type":"image\/jpeg","media_details":{"width":302,"height":403,"file":"2023\/06\/Milan-Stamatovi\u0107-i-Branko-Kidri\u010d.jpg","sizes":{"thumbnail":{"file":"Milan-Stamatovi\u0107-i-Branko-Kidri\u010d-150x150.jpg","width":150,"height":150,"mime_type":"image\/jpeg","source_url":"https:\/\/centralmedia.rs\/wp-content\/uploads\/2023\/06\/Milan-Stamatovi\u0107-i-Branko-Kidri\u010d-150x150.jpg"},"medium":{"file":"Milan-Stamatovi\u0107-i-Branko-Kidri\u010d-225x300.jpg","width":225,"height":300,"mime_type":"image\/jpeg","source_url":"https:\/\/centralmedia.rs\/wp-content\/uploads\/2023\/06\/Milan-Stamatovi\u0107-i-Branko-Kidri\u010d-225x300.jpg"},"td_80x60":{"file":"Milan-Stamatovi\u0107-i-Branko-Kidri\u010d-80x60.jpg","width":80,"height":60,"mime_type":"image\/jpeg","source_url":"https:\/\/centralmedia.rs\/wp-content\/uploads\/2023\/06\/Milan-Stamatovi\u0107-i-Branko-Kidri\u010d-80x60.jpg"},"td_100x75":{"file":"Milan-Stamatovi\u0107-i-Branko-Kidri\u010d-100x75.jpg","width":100,"height":75,"mime_type":"image\/jpeg","source_url":"https:\/\/centralmedia.rs\/wp-content\/uploads\/2023\/06\/Milan-Stamatovi\u0107-i-Branko-Kidri\u010d-100x75.jpg"},"td_180x135":{"file":"Milan-Stamatovi\u0107-i-Branko-Kidri\u010d-180x135.jpg","width":180,"height":135,"mime_type":"image\/jpeg","source_url":"https:\/\/centralmedia.rs\/wp-content\/uploads\/2023\/06\/Milan-Stamatovi\u0107-i-Branko-Kidri\u010d-180x135.jpg"},"td_238x178":{"file":"Milan-Stamatovi\u0107-i-Branko-Kidri\u010d-238x178.jpg","width":238,"height":178,"mime_type":"image\/jpeg","source_url":"https:\/\/centralmedia.rs\/wp-content\/uploads\/2023\/06\/Milan-Stamatovi\u0107-i-Branko-Kidri\u010d-238x178.jpg"},"td_300x160":{"file":"Milan-Stamatovi\u0107-i-Branko-Kidri\u010d-300x160.jpg","width":300,"height":160,"mime_type":"image\/jpeg","source_url":"https:\/\/centralmedia.rs\/wp-content\/uploads\/2023\/06\/Milan-Stamatovi\u0107-i-Branko-Kidri\u010d-300x160.jpg"},"td_300x194":{"file":"Milan-Stamatovi\u0107-i-Branko-Kidri\u010d-300x194.jpg","width":300,"height":194,"mime_type":"image\/jpeg","source_url":"https:\/\/centralmedia.rs\/wp-content\/uploads\/2023\/06\/Milan-Stamatovi\u0107-i-Branko-Kidri\u010d-300x194.jpg"},"td_300x350":{"file":"Milan-Stamatovi\u0107-i-Branko-Kidri\u010d-300x350.jpg","width":300,"height":350,"mime_type":"image\/jpeg","source_url":"https:\/\/centralmedia.rs\/wp-content\/uploads\/2023\/06\/Milan-Stamatovi\u0107-i-Branko-Kidri\u010d-300x350.jpg"},"td_341x220":{"file":"Milan-Stamatovi\u0107-i-Branko-Kidri\u010d-302x220.jpg","width":302,"height":220,"mime_type":"image\/jpeg","source_url":"https:\/\/centralmedia.rs\/wp-content\/uploads\/2023\/06\/Milan-Stamatovi\u0107-i-Branko-Kidri\u010d-302x220.jpg"},"td_537x360":{"file":"Milan-Stamatovi\u0107-i-Branko-Kidri\u010d-302x360.jpg","width":302,"height":360,"mime_type":"image\/jpeg","source_url":"https:\/\/centralmedia.rs\/wp-content\/uploads\/2023\/06\/Milan-Stamatovi\u0107-i-Branko-Kidri\u010d-302x360.jpg"},"td_640x350":{"file":"Milan-Stamatovi\u0107-i-Branko-Kidri\u010d-302x350.jpg","width":302,"height":350,"mime_type":"image\/jpeg","source_url":"https:\/\/centralmedia.rs\/wp-content\/uploads\/2023\/06\/Milan-Stamatovi\u0107-i-Branko-Kidri\u010d-302x350.jpg"},"td_511x400":{"file":"Milan-Stamatovi\u0107-i-Branko-Kidri\u010d-302x400.jpg","width":302,"height":400,"mime_type":"image\/jpeg","source_url":"https:\/\/centralmedia.rs\/wp-content\/uploads\/2023\/06\/Milan-Stamatovi\u0107-i-Branko-Kidri\u010d-302x400.jpg"},"td_341x400":{"file":"Milan-Stamatovi\u0107-i-Branko-Kidri\u010d-302x400.jpg","width":302,"height":400,"mime_type":"image\/jpeg","source_url":"https:\/\/centralmedia.rs\/wp-content\/uploads\/2023\/06\/Milan-Stamatovi\u0107-i-Branko-Kidri\u010d-302x400.jpg"},"td_681x400":{"file":"Milan-Stamatovi\u0107-i-Branko-Kidri\u010d-302x400.jpg","width":302,"height":400,"mime_type":"image\/jpeg","source_url":"https:\/\/centralmedia.rs\/wp-content\/uploads\/2023\/06\/Milan-Stamatovi\u0107-i-Branko-Kidri\u010d-302x400.jpg"},"full":{"file":"Milan-Stamatovi\u0107-i-Branko-Kidri\u010d.jpg","width":302,"height":403,"mime_type":"image\/jpeg","source_url":"https:\/\/centralmedia.rs\/wp-content\/uploads\/2023\/06\/Milan-Stamatovi\u0107-i-Branko-Kidri\u010d.jpg"}},"image_meta":{"aperture":"0","credit":"","camera":"","caption":"","created_timestamp":"0","copyright":"","focal_length":"0","iso":"0","shutter_speed":"0","title":"","orientation":"0","keywords":[]}},"post":35302,"source_url":"https:\/\/centralmedia.rs\/wp-content\/uploads\/2023\/06\/Milan-Stamatovi\u0107-i-Branko-Kidri\u010d.jpg","_links":{"self":[{"href":"https:\/\/centralmedia.rs\/index.php\/wp-json\/wp\/v2\/media\/35304"}],"collection":[{"href":"https:\/\/centralmedia.rs\/index.php\/wp-json\/wp\/v2\/media"}],"about":[{"href":"https:\/\/centralmedia.rs\/index.php\/wp-json\/wp\/v2\/types\/attachment"}],"author":[{"embeddable":true,"href":"https:\/\/centralmedia.rs\/index.php\/wp-json\/wp\/v2\/users\/2"}],"replies":[{"embeddable":true,"href":"https:\/\/centralmedia.rs\/index.php\/wp-json\/wp\/v2\/comments?post=35304"}]}}

http://centralmedia.rs/wp-content/uploads/2023/06/Milan-Stamatović-i-Branko-Kidrič.jpg

Milan Stamatović i Branko Kidrič

<p class="attachment"><a href='https://centralmedia.rs/wp-content/uploads/2023/06/Milan-Stamatović-i-Branko-Kidrič.jpg'><img loading="lazy" decoding="async" width="225" height="300" src="https://centralmedia.rs/wp-content/uploads/2023/06/Milan-Stamatović-i-Branko-Kidrič-225x300.jpg" class="attachment-medium size-medium" alt="" srcset="https://centralmedia.rs/wp-content/uploads/2023/06/Milan-Stamatović-i-Branko-Kidrič-225x300.jpg 225w, https://centralmedia.rs/wp-content/uploads/2023/06/Milan-Stamatović-i-Branko-Kidrič.jpg 302w" sizes="(max-width: 225px) 100vw, 225px" /></a></p>

2023/06/Milan-Stamatović-i-Branko-Kidrič.jpg

Milan-Stamatović-i-Branko-Kidrič-150x150.jpg

https://centralmedia.rs/wp-content/uploads/2023/06/Milan-Stamatović-i-Branko-Kidrič-150x150.jpg

Milan-Stamatović-i-Branko-Kidrič-225x300.jpg

https://centralmedia.rs/wp-content/uploads/2023/06/Milan-Stamatović-i-Branko-Kidrič-225x300.jpg

Milan-Stamatović-i-Branko-Kidrič-80x60.jpg

https://centralmedia.rs/wp-content/uploads/2023/06/Milan-Stamatović-i-Branko-Kidrič-80x60.jpg

Milan-Stamatović-i-Branko-Kidrič-100x75.jpg

https://centralmedia.rs/wp-content/uploads/2023/06/Milan-Stamatović-i-Branko-Kidrič-100x75.jpg

Milan-Stamatović-i-Branko-Kidrič-180x135.jpg

https://centralmedia.rs/wp-content/uploads/2023/06/Milan-Stamatović-i-Branko-Kidrič-180x135.jpg

Milan-Stamatović-i-Branko-Kidrič-238x178.jpg

https://centralmedia.rs/wp-content/uploads/2023/06/Milan-Stamatović-i-Branko-Kidrič-238x178.jpg

Milan-Stamatović-i-Branko-Kidrič-300x160.jpg

https://centralmedia.rs/wp-content/uploads/2023/06/Milan-Stamatović-i-Branko-Kidrič-300x160.jpg

Milan-Stamatović-i-Branko-Kidrič-300x194.jpg

https://centralmedia.rs/wp-content/uploads/2023/06/Milan-Stamatović-i-Branko-Kidrič-300x194.jpg

Milan-Stamatović-i-Branko-Kidrič-300x350.jpg

https://centralmedia.rs/wp-content/uploads/2023/06/Milan-Stamatović-i-Branko-Kidrič-300x350.jpg

Milan-Stamatović-i-Branko-Kidrič-302x220.jpg

https://centralmedia.rs/wp-content/uploads/2023/06/Milan-Stamatović-i-Branko-Kidrič-302x220.jpg

Milan-Stamatović-i-Branko-Kidrič-302x360.jpg

https://centralmedia.rs/wp-content/uploads/2023/06/Milan-Stamatović-i-Branko-Kidrič-302x360.jpg

Milan-Stamatović-i-Branko-Kidrič-302x350.jpg

https://centralmedia.rs/wp-content/uploads/2023/06/Milan-Stamatović-i-Branko-Kidrič-302x350.jpg

Milan-Stamatović-i-Branko-Kidrič-302x400.jpg

https://centralmedia.rs/wp-content/uploads/2023/06/Milan-Stamatović-i-Branko-Kidrič-302x400.jpg

Milan-Stamatović-i-Branko-Kidrič.jpg

https://centralmedia.rs/wp-content/uploads/2023/06/Milan-Stamatović-i-Branko-Kidrič.jpg
